ase 4, what is -3 - -23310013102221?
23310013102212
In base 13, what is -4b08b - a1a?
-4baa8
In base 15, what is a - 37472?
-37467
In base 16, what is 5b - 3a2f2?
-3a297
In base 3, what is -101212112222010 - -12?
-101212112221221
In base 12, what is -1899086a - -1?
-18990869
In base 12, what is 0 - 7b6402?
-7b6402
In base 3, what is 1011021 + 2011020222?
2012102020
In base 6, what is -4 - 5233232532?
-5233232540
In base 14, what is -3ccb759 - 4?
-3ccb75d
In base 12, what is -21620a6 + -6?
-21620b0
In base 13, what is -4239c + 42?
-4235a
In base 14, what is 3 + -56659?
-56656
In base 9, what is 31 + 638751?
638782
In base 4, what is 301001321 - -101?
301002022
In base 14, what is 898c8 - -43d?
89d27
In base 12, what is baa1 + 2699?
1257a
In base 3, what is 12110 - 2122100222022?
-2122100202212
In base 7, what is 652 + -425166?
-424214
In base 5, what is -2 - 3024441302?
-3024441304
In base 9, what is 7 + -2405140?
-2405132
In base 15, what is 11de + 22369?
23558
In base 8, what is -2 + -42373573?
-42373575
In base 8, what is 176 - -21534326?
21534524
In base 5, what is 2331130022 + 4?
2331130031
In base 13, what is -278 - -481a?
4572
In base 9, what is -1344234004 - -2?
-1344234002
In base 11, what is -97 - -2871441?
2871355
In base 4, what is -32 + 20111210120?
20111210022
In base 9, what is 310362547 - -5?
310362553
In base 7, what is -143406 + -151623?
-325332
In base 12, what is -59 + 23a81?
23a24
In base 9, what is -5 + -4842617?
-4842623
In base 13, what is -c + -22774b?
-22775a
In base 11, what is 729a + 10178?
17467
In base 13, what is -7271baa1 - 4?
-7271baa5
In base 8, what is -2 - -2604602?
2604600
In base 2, what is 1101110011000101010101011 - 0?
1101110011000101010101011
In base 16, what is 11a - 6aa4b?
-6a931
In base 3, what is -222 + 100222122221011?
100222122220012
In base 4, what is 11 - 300113311211?
-300113311200
In base 15, what is 1106b53 + 2?
1106b55
In base 11, what is 19a8 + -6186?
-4289
In base 15, what is -155 + e41?
cdb
In base 15, what is 4 - -801a1e9?
801a1ed
In base 15, what is 8931ba3 - -3?
8931ba6
In base 15, what is 0 - 2c43b9?
-2c43b9
In base 2, what is 111 - 1100011011110101101110?
-1100011011110101100111
In base 15, what is -1242 - -120e?
-33
In base 10, what is 29055 + -14?
29041
In base 5, what is 102214 - 12440300?
-12333031
In base 5, what is -1024032301104 - 2?
-1024032301111
In base 11, what is 45599 - -a1?
4568a
In base 2, what is 11 - -100101101101110100100111?
100101101101110100101010
In base 10, what is -283 - 251549?
-251832
In base 14, what is c87 + -115c?
-2b5
In base 3, what is -2 + 1111111000210100?
1111111000210021
In base 13, what is -cc28a8 + -6?
-cc28b1
In base 8, what is -1672473 - -105?
-1672366
In base 8, what is -27 + 32175143?
32175114
In base 16, what is -1ab50a - -a?
-1ab500
In base 14, what is 539 + 1b92?
22cb
In base 13, what is 89ca - 9792?
-a95
In base 2, what is 1000000 - 1100100110111001010000?
-1100100110111000010000
In base 11, what is 9a845 + -165?
9a690
In base 7, what is -12626424323 - 0?
-12626424323
In base 3, what is 100 + -2120211122111201?
-2120211122111101
In base 13, what is -32b + -126541?
-12686c
In base 2, what is -1000001001110010000010 - -10101?
-1000001001110001101101
In base 13, what is -3a + 5520b?
551a1
In base 11, what is 2363 + 693?
2a46
In base 11, what is -229285178 - 2?
-22928517a
In base 10, what is -8565 - 224?
-8789
In base 3, what is 10 - 10112012100022?
-10112012100012
In base 5, what is 2313424143 + 24?
2313424222
In base 6, what is -404033 + -512?
-404545
In base 3, what is -20021000 + 12210211?
-110012
In base 9, what is 160741 + 11?
160752
In base 6, what is 1004420033 - 24?
1004420005
In base 7, what is -633 - -204422?
203456
In base 16, what is -276fe9 + -12?
-276ffb
In base 3, what is 110 + -22200212000200?
-22200212000020
In base 6, what is -5124353 + 45?
-5124304
In base 4, what is 123110231301 - 22?
123110231213
In base 9, what is -1 - 13618212?
-13618213
In base 12, what is -29345b35a + -4?
-29345b362
In base 7, what is -34 + 321346003?
321345636
In base 6, what is 22052 - -25435?
51531
In base 15, what is -a + 236623?
236618
In base 2, what is 111001011010 - 11001000111?
100000010011
In base 15, what is -1a4d7 - -1b71?
-18866
In base 2, what is 110110111 - -1111111001010110?
10000000000001101
In base 7, what is 164343 + -421?
163622
In base 11, what is -17761447 + 5?
-17761442
In base 2, what is -1111010001100011111001111 + 11?
-1111010001100011111001100
In base 14, what is -4a + -1136d70?
-1136dba
In base 5, what is 1332441 + 104110?
1442101
In base 8, what is -10602167 - -3?
-10602164
In base 4, what is -11 + 120330101100?
120330101023
In base 9, what is -863 - 106823?
-107786
In base 10, what is 1 - -6183204?
6183205
In base 11, what is 131a3a6 - -13?
131a409
In base 11, what is 2321679 - -9?
2321687
In base 4, what is 2 - 223300130023?
-223300130021
In base 10, what is -845571 - -1?
-845570
In base 2, what is -1100100110001001100000 - 101101?
-1100100110001010001101
In base 11, what is -23a74 - 33?
-23aa7
In base 15, what is -201c6 + 100?
-200c6
In base 9, what is 207418466 + 1?
207418467
In base 9, what is -131514530 - -6?
-131514523
In base 10, what is -72 - -7214219?
7214147
In base 2, what is -100101100111000100110 + -1?
-100101100111000100111
In base 6, what is -4 + -12530424?
-12530432
In base 12, what is -17 + -564769b?
-56476b6
In base 7, what is 45225505 + 0?
45225505
In base 2, what is -100001 + 110111011010111110?
110111011010011101
In base 10, what is 44 - -1101621?
1101665
In base 16, what is -5dc - 106?
-6e2
In base 3, what is 10022121121110 - 2202?
10022121111201
In base 16, what is 7630c - -87b?
76b87
In base 13, what is -583 - 115c1?
-11b74
In base 9, what is 56701 - 1117?
55573
In base 10, what is 162 - 7553?
-7391
In base 11, what is -5 - -1291447?
1291442
In base 11, what is -3 + 9a6a95?
9a6a92
In base 16, what is -7c83 + 39b?
-78e8
In base 10, what is 16536716 - -1?
16536717
In base 4, what is -12332 + 30113201?
30100203
In base 11, what is -1 - 52077?
-52078
In base 11, what is 7 + -2759622?
-2759616
In base 5, what is -20304 - -3222?
-12032
In base 9, what is 1476 - -250048?
251535
In base 9, what is 1 + -22737848?
-22737847
In base 15, what is -1 + -20184?
-20185
In base 15, what is d5 - 73bb?
-72d6
In base 8, what is -3 - -14024170?
14024165
In base 7, what is 304142146 - 2?
304142144
In base 16, what is -1 + 19f384e?
19f384d
In base 16, what is 7c6 + 1446?
1c0c
In base 3, what is 120102121 - 110201201?
2200220
In base 6, what is -314220050 + -22?
-314220112
In base 13, what is c - -408846?
408855
In base 8, what is 106017 - -1552?
107571
In base 8, what is 303227 - 32?
303175
In base 3, what is -1 - 20102122120122?
-20102122120200
In base 6, what is -513402 + -24133?
-541535
In base 14, what is 4 - -b5cad70?
b5cad74
In base 4, what is -11 + 202220302021?
202220302010
In base 4, what is -1220 - -3031102101?
3031100221
In base 12, what is -1754 - -598?
-1178
In base 4, what is 31020103232 - 222?
31020103010
In base 2, what is -10000001 - 1111011100011011000100?
-1111011100011101000101
In base 2, what is -101010 - 100000010100?
-100000111110
In base 5, what is -2 - -21241304030?
21241304023
In base 15, what is 3 - b4e68d2?
-b4e68ce
In base 15, what is 2 + -2b279a?
-2b2798
In base 14, what is 29a4748 - -3?
29a474b
In base 8, what is 1746 + 64612?
66560
In base 14, what is -77662 - -2b?
-77635
In base 10, what is -85631 + -207?
-85838
In base 14, what is -436 + 11151?
10b19
In base 14, what is 589d04 + -d?
589cd5
In base 5, what is -32043 + -32440314?
-33022412
In base 11, what is -5a4a279 + -20?
-5a4a299
In base 2, what is -1100 - -10101010111100100111000?
10101010111100100101100
In base 6, what is -2015 + 11430232?
11424213
In base 11, what is 7 - -24748785?
24748791
In base 10, what is 4 + -232831423?
-232831419
In base 4, what is -201210330221 - 111?
-201210330332
In base 7, what is -46400656 + -1?
-46400660
In base 14, what is -21c31 - -acb?
-21144
In base 5, what is 114230141004 + -2?
114230141002
In base 11, what is -947 + 10233?
a397
In base 15, what is -5 + cd26a1d?
cd26a18
In base 6, what is 210411 - -1253?
212104
In base 6, what is -21320333 - -10?
-21320323
In base 7, what is 16 - 11543520?
-11